*m = -2*m + 16. Calculate the remainder when 14 is divided by (-7)/(-2) + q/(-4).
4
Let g(w) = -w**3 + 12*w**2 - 10*w + 4. Let a be g(11). Let v = 20 - a. Let s(i) = i**2 + i + 2. What is the remainder when s(2) is divided by v?
3
Calculate the remainder when -4 + -148*(-1)/2 is divided by 11.
4
Let h = -30 - -48. Calculate the remainder when h is divided by 10.
8
Suppose 0 = 13*l - 4 - 152. What is the remainder when l is divided by 7?
5
Let h be (-6)/(-8)*(-1 + -7). Let c be 2*-23*3/h. Suppose 2*l = 1 + c. What is the remainder when 22 is divided by l?
10
Let m(i) = 9*i - 13. Let v be m(7). Let x = 82 - v. Calculate the remainder when x is divided by 7.
4
Suppose 5*t - 3*z - 160 = 0, 2*z - 72 = -3*t - z. Calculate the remainder when 84 is divided by t.
26
Let k = 5 + 1. Calculate the remainder when k is divided by 5.
1
Let m(p) = p**3 - 10*p**2 + 11*p - 7. Suppose 2*q - 41 = 23. What is the remainder when q is divided by m(9)?
10
Let u(n) = -2*n + 1. Suppose -2*g - 2 = 5*i, -3*g - 20 = -8*g. Let a(x) = x**2 - 7*x + 8. Calculate the remainder when a(7) is divided by u(i).
3
Let d(c) = -12*c - 2. Let p = -62 + 126. Calculate the remainder when p is divided by d(-2).
20
Let x(g) be the first derivative of g**3/3 - 4*g**2 + 8*g - 4. Let u be x(6). Let s = u - -10. Calculate the remainder when 16 is divided by s.
4
Suppose -2*z = -2*f + 3*z + 466, 0 = 4*f - 5*z - 912. What is the remainder when f is divided by 45?
43
Let d(n) = n - 14. Let i be d(0). Let m be (-502)/(-7) + (-4)/i. Suppose -18 = -w - 2*u, -u = 4*w - 0*u - m. What is the remainder when w is divided by 7?
4
Let i(h) = h**3 + 7*h**2 + 3*h - 6. Let v(y) = -y**3 - 7*y**2 + 6*y + 7. Suppose -5*z - 22 = 18. Calculate the remainder when v(z) is divided by i(-6).
11
Let x be (84/30)/(4/10). Suppose -2*v = -15 - x. Calculate the remainder when 19 is divided by v.
8
What is the remainder when ((-144)/14)/((-2)/14) is divided by 15?
12
Let y(p) = -3*p**3 - 3*p**2 - 2*p + 4. Calculate the remainder when y(-3) is divided by 33.
31
Let a = -12 - -18. What is the remainder when 28 is divided by a?
4
Suppose o = 3*p - 13, 2*o + 0 = p - 1. What is the remainder when (-4)/2 + 3*10 is divided by p?
3
Suppose 3*g - 25 = 20. Calculate the remainder when g is divided by 4.
3
Let w(m) be the third derivative of -m**4/24 - m**2. What is the remainder when 12 is divided by w(-4)?
0
Let f = 16 - -103. Calculate the remainder when f is divided by 15.
14
Let y = -19 + 63. Calculate the remainder when y is divided by 15.
14
Suppose 4*o = u - 13, 0 = u + 2*o - o - 8. Suppose 0 = 2*t - 13 - u. What is the remainder when 20 is divided by (t*1)/(2 + -1)?
9
Let i = 11 - 3. Let k(p) = p**2 - 5*p + 2. What is the remainder when k(i) is divided by 9?
8
Suppose -4*h + 10 = 4*g - 6, 5*g + 3*h = 22. What is the remainder when 52 is divided by ((-18)/g)/(3/(-15))?
16
Suppose 0 = 3*i + 11 - 47. Calculate the remainder when 58 is divided by i.
10
Let c(t) = 2*t**2 - 8*t - 3. Suppose 181 = 4*q + 5*z, -z + 215 = 5*q + 3*z. Calculate the remainder when q is divided by c(6).
18
Let g = -2 + 2. Suppose -4*x - 5 + 29 = g. What is the remainder when x is divided by ((-4)/10)/((-6)/60)?
2
Let y(x) = x**3 - 7*x**2 - 7*x - 20. What is the remainder when y(9) is divided by 27?
25
Let d(b) = -b - 2. Let i be d(-1). Let s(y) = 44*y**2. Calculate the remainder when s(i) is divided by 15.
14
Let y(b) = 2*b - 30. Let t be y(13). Suppose 3*l + 4*a = 37, 0*l + 10 = 2*l - a. Let k = l + t. What is the remainder when 5 is divided by k?
2
Suppose 9*o = 64 + 1349. Calculate the remainder when o is divided by 32.
29
Let x = -4 - -6. Calculate the remainder when 18 is divided by 7 + 0/(4/x).
4
Let g be ((-2)/5)/((-1)/10). Suppose 4*t - g*r = 56 + 28, 49 = 4*t + 3*r. Calculate the remainder when 47 is divided by t.
15
Let o(t) = t**3 + 4*t**2 + 3*t + 4. Let u be o(-3). Suppose -2*k - 37 - 49 = -2*f, u*f - 184 = k. What is the remainder when f is divided by ((-24)/5)/((-2)/5)?
11
Let m(u) = -10*u - 3. Calculate the remainder when m(-2) is divided by (-36)/10*(-10)/4.
8
Let u(s) = -s + 3. Let g be u(5). Let a = g - -16. Calculate the remainder when a is divided by 8.
6
Let l(j) = -j**3 - 3*j**2 + 8*j + 3. What is the remainder when l(-5) is divided by 9?
4
Suppose 0 = 2*s - s + 3*l + 56, -5 = l. Let u = 12 - s. Let h = 4 - -14. What is the remainder when u is divided by h?
17
Let g = 64 + -41. Let l = 43 - g. Calculate the remainder when 75 is divided by l.
15
Let q be 1*(1 + (-2)/(-2)). Suppose 5*s = -3*w + 94 + 58, -95 = -3*s + q*w. Calculate the remainder when s is divided by 1/3 + 192/18.
9
Let q be (-60)/(-16) + (-1)/(-4). Let s = q + -1. What is the remainder when s*-5*10/(-3) is divided by 17?
16
Let y be 9/15 + (-22)/(-5). Let p(k) = 1 - 4*k - y*k - k. What is the remainder when p(-1) is divided by 4?
3
Suppose 2*x - 16 - 10 = 0. Calculate the remainder when 36 is divided by x.
10
Let g(y) = 3*y**3 - 7*y**2 - y - 1. What is the remainder when 42 + 3*(-4)/6 is divided by g(3)?
12
Suppose 40 = 3*x - 5*b - 25, -29 = -3*x - 4*b. What is the remainder when 43 is divided by x?
13
Let w = 1 + 3. Suppose 5*t + 5*l - 45 = 0, -4*t - w = -l - 3*l. What is the remainder when 6 is divided by t?
2
Suppose -2*h = -c - 3, 15 = -c - 0*c + 5*h. Suppose -99 = 3*j - c*z - 330, -z = -2*j + 154. What is the remainder when j is divided by 26?
25
Let c(s) = -s + 161. Calculate the remainder when c(0) is divided by 27.
26
Let i = 2 - 2. Suppose i = -0*s + 3*s - 27. Suppose -14 = -y - r, -4*y + 29 = -2*r - 45. Calculate the remainder when y is divided by s.
8
Let a be (-8)/(-6)*18/12. Suppose 42 = a*l - 12. Calculate the remainder when 80 is divided by l.
26
Let n = -78 + 116. Let c(w) = w**3 - 2*w**2 - 2*w - 4. Let i be ((-4)/(-6))/((-7)/(-42)). Calculate the remainder when n is divided by c(i).
18
Let p be (-1)/(-2) + (-1)/(-2). Suppose -3*u = -2*u - p. Let i = 2 - u. What is the remainder when 1 is divided by i?
0
What is the remainder when 26 is divided by (-5)/((-10)/(-27))*6/(-9)?
8
Let i(o) = -2*o**3 + 15*o**2 + 27*o + 4. Suppose 4*t = z + 4*z - 78, 3*z + 2*t - 38 = 0. Calculate the remainder when z is divided by i(9).
2
Suppose 8 = i + 5*d, -4*i + 5*d + 57 = -0*d. What is the remainder when 50 is divided by i?
11
Let x be (-3)/(-2 - 177/(-84)). Calculate the remainder when (41/(-3))/(5/(-15)) is divided by 3/((-2)/x*3).
13
Suppose -4*x - 173 + 521 = 0. What is the remainder when x is divided by 22?
21
Suppose -2*f = 2*f - 72. Let t = f + 23. Suppose -2*c + t = -c + 5*g, 0 = 4*c - 2*g - 252. What is the remainder when c is divided by 21?
19
Let s(z) = -z**2 - 6*z + 2. Let m be s(-7). Let i be m/3 - (-1)/(-3). Calculate the remainder when (21 - (-2)/i) + 1 is divided by 11.
10
Calculate the remainder when ((-58)/(-4))/((-1)/(-6)) is divided by 18.
15
Suppose -5*f + 8 = -17. What is the remainder when (-4)/(-10) - (-103)/f is divided by 12?
9
Suppose -174 = -6*n + n - 3*c, -n = 2*c - 39. Calculate the remainder when n is divided by 18.
15
Let p be (-2 - 824) + (-2 - -4). What is the remainder when 22 is divided by 4/(-34) + p/(-68)?
10
Let l be 383/11 + (-4)/(-22). Suppose 4*f = -2*x + 26, -5*f = -0*f + 5*x - l. What is the remainder when ((-1)/1)/((-2)/34) is divided by f?
5
Suppose 27 = 2*p - 13. Suppose -3*i + 5*r + 9 = -2*i, -2*i + 4*r = -36. Calculate the remainder when p is divided by (-2)/4*(2 - i).
9
Let h(d) = -d**3 - 8*d**2 + d + 7. Let k be h(-8). Let o be 1/k*(3 + 28). Let y = o - -47. What is the remainder when 61 is divided by y?
13
Let z be (15/(-20))/(9/(-24)). Suppose 120 = z*u + 2*u. What is the remainder when u is divided by 16?
14
Suppose n + 5*q = 4, 8 = -4*n + 6*n - 3*q. Suppose 99 = 2*x + 3*i + 2*i, -2*x + 102 = n*i. Calculate the remainder when x is divided by 20.
17
Let p = 36 - 22. Suppose 5*g = -3*t + p, 5*t - 6*g + 3*g = 46. What is the remainder when t is divided by 2?
0
Let m(l) = 3*l + 2. Let b be m(-1). What is the remainder when b/(-4) - 67/(-4) is divided by 5?
2
Suppose -3*q - 3*m = -51, -88 = -5*q - 4*m + 2*m. What is the remainder when ((-2)/2)/((-3)/156) is divided by q?
16
Let r(a) = a**3 - 5*a**2 + 6*a - 13. What is the remainder when 64 is divided by r(5)?
13
Suppose 9*q - j = 5*q + 245, 4*q + 4*j = 240. Calculate the